[INFO] cloning repository https://github.com/jimschrute/roguelike
[INFO] running `Command { std: "git" "-c" "credential.helper=" "-c" "credential.helper=/workspace/cargo-home/bin/git-credential-null" "clone" "--bare" "https://github.com/jimschrute/roguelike" "/workspace/cache/git-repos/https%3A%2F%2Fgithub.com%2Fjimschrute%2Froguelike", kill_on_drop: false }`
[INFO] [stderr] Cloning into bare repository '/workspace/cache/git-repos/https%3A%2F%2Fgithub.com%2Fjimschrute%2Froguelike'...
[INFO] running `Command { std: "git" "rev-parse" "HEAD", kill_on_drop: false }`
[INFO] [stdout] 1334de30a7f3902aa2aafe5d2064f12f4c8d05ea
[INFO] checking jimschrute/roguelike against master#af3c6e733a40e671550e0f0f5aeecaa13772ba56 for pr-74989
[INFO] running `Command { std: "git" "clone" "/workspace/cache/git-repos/https%3A%2F%2Fgithub.com%2Fjimschrute%2Froguelike" "/workspace/builds/worker-13/source", kill_on_drop: false }`
[INFO] [stderr] Cloning into '/workspace/builds/worker-13/source'...
[INFO] [stderr] done.
[INFO] validating manifest of git repo https://github.com/jimschrute/roguelike on toolchain af3c6e733a40e671550e0f0f5aeecaa13772ba56
[INFO] running `Command { std: "/workspace/cargo-home/bin/cargo" "+af3c6e733a40e671550e0f0f5aeecaa13772ba56" "read-manifest" "--manifest-path" "Cargo.toml", kill_on_drop: false }`
[INFO] started tweaking git repo https://github.com/jimschrute/roguelike
[INFO] removed path dependency rltk from git repo https://github.com/jimschrute/roguelike
[INFO] finished tweaking git repo https://github.com/jimschrute/roguelike
[INFO] tweaked toml for git repo https://github.com/jimschrute/roguelike written to /workspace/builds/worker-13/source/Cargo.toml
[INFO] crate git repo https://github.com/jimschrute/roguelike already has a lockfile, it will not be regenerated
[INFO] running `Command { std: "/workspace/cargo-home/bin/cargo" "+af3c6e733a40e671550e0f0f5aeecaa13772ba56" "fetch" "--locked" "--manifest-path" "Cargo.toml", kill_on_drop: false }`
[INFO] [stderr] warning: dependency (rltk) specified without providing a local path, Git repository, or version to use. This will be considered an error in future versions
[INFO] [stderr]     Updating crates.io index
[INFO] [stderr] error: the lock file /workspace/builds/worker-13/source/Cargo.lock needs to be updated but --locked was passed to prevent this
[INFO] [stderr] If you want to try to generate the lock file without accessing the network, use the --offline flag.
[INFO] the lockfile is outdated, regenerating it
[INFO] running `Command { std: "/workspace/cargo-home/bin/cargo" "+af3c6e733a40e671550e0f0f5aeecaa13772ba56" "generate-lockfile" "--manifest-path" "Cargo.toml" "-Zno-index-update", kill_on_drop: false }`
[INFO] running `Command { std: "/workspace/cargo-home/bin/cargo" "+af3c6e733a40e671550e0f0f5aeecaa13772ba56" "fetch" "--locked" "--manifest-path" "Cargo.toml", kill_on_drop: false }`
[INFO] [stderr] warning: dependency (rltk) specified without providing a local path, Git repository, or version to use. This will be considered an error in future versions
[INFO] [stderr]     Blocking waiting for file lock on package cache
[INFO] [stderr]     Blocking waiting for file lock on package cache
[INFO] running `Command { std: "docker" "create" "-v" "/var/lib/crater-agent-workspace/builds/worker-13/target:/opt/rustwide/target:rw,Z" "-v" "/var/lib/crater-agent-workspace/builds/worker-13/source:/opt/rustwide/workdir:ro,Z" "-v" "/var/lib/crater-agent-workspace/cargo-home:/opt/rustwide/cargo-home:ro,Z" "-v" "/var/lib/crater-agent-workspace/rustup-home:/opt/rustwide/rustup-home:ro,Z" "-e" "SOURCE_DIR=/opt/rustwide/workdir" "-e" "CARGO_TARGET_DIR=/opt/rustwide/target" "-e" "CARGO_HOME=/opt/rustwide/cargo-home" "-e" "RUSTUP_HOME=/opt/rustwide/rustup-home" "-w" "/opt/rustwide/workdir" "-m" "1610612736" "--user" "0:0" "--network" "none" "rustops/crates-build-env@sha256:d92eaeed33fa75130ca1ee6c8a01d1ffb62bac859dfdfb3450e3e5d1c0146529" "/opt/rustwide/cargo-home/bin/cargo" "+af3c6e733a40e671550e0f0f5aeecaa13772ba56" "metadata" "--no-deps" "--format-version=1", kill_on_drop: false }`
[INFO] [stdout] 4ac4aa75264a4a4649e6a5d535ba8ce4bb45bf5b4d433b489982b7d94ea8e03a
[INFO] [stderr] WARNING: Your kernel does not support swap limit capabilities or the cgroup is not mounted. Memory limited without swap.
[INFO] running `Command { std: "docker" "start" "-a" "4ac4aa75264a4a4649e6a5d535ba8ce4bb45bf5b4d433b489982b7d94ea8e03a", kill_on_drop: false }`
[INFO] running `Command { std: "docker" "inspect" "4ac4aa75264a4a4649e6a5d535ba8ce4bb45bf5b4d433b489982b7d94ea8e03a", kill_on_drop: false }`
[INFO] running `Command { std: "docker" "rm" "-f" "4ac4aa75264a4a4649e6a5d535ba8ce4bb45bf5b4d433b489982b7d94ea8e03a", kill_on_drop: false }`
[INFO] [stdout] 4ac4aa75264a4a4649e6a5d535ba8ce4bb45bf5b4d433b489982b7d94ea8e03a
[INFO] running `Command { std: "docker" "create" "-v" "/var/lib/crater-agent-workspace/builds/worker-13/target:/opt/rustwide/target:rw,Z" "-v" "/var/lib/crater-agent-workspace/builds/worker-13/source:/opt/rustwide/workdir:ro,Z" "-v" "/var/lib/crater-agent-workspace/cargo-home:/opt/rustwide/cargo-home:ro,Z" "-v" "/var/lib/crater-agent-workspace/rustup-home:/opt/rustwide/rustup-home:ro,Z" "-e" "SOURCE_DIR=/opt/rustwide/workdir" "-e" "CARGO_TARGET_DIR=/opt/rustwide/target" "-e" "CARGO_INCREMENTAL=0" "-e" "RUST_BACKTRACE=full" "-e" "RUSTFLAGS=--cap-lints=forbid" "-e" "CARGO_HOME=/opt/rustwide/cargo-home" "-e" "RUSTUP_HOME=/opt/rustwide/rustup-home" "-w" "/opt/rustwide/workdir" "-m" "1610612736" "--user" "0:0" "--network" "none" "rustops/crates-build-env@sha256:d92eaeed33fa75130ca1ee6c8a01d1ffb62bac859dfdfb3450e3e5d1c0146529" "/opt/rustwide/cargo-home/bin/cargo" "+af3c6e733a40e671550e0f0f5aeecaa13772ba56" "check" "--frozen" "--all" "--all-targets" "--message-format=json", kill_on_drop: false }`
[INFO] [stdout] dd1c23f0d1ccf4d72af24e1bd3a4c2d14e86949c9eb9975d55e3c58c38d2ced5
[INFO] [stderr] WARNING: Your kernel does not support swap limit capabilities or the cgroup is not mounted. Memory limited without swap.
[INFO] running `Command { std: "docker" "start" "-a" "dd1c23f0d1ccf4d72af24e1bd3a4c2d14e86949c9eb9975d55e3c58c38d2ced5", kill_on_drop: false }`
[INFO] [stderr] warning: dependency (rltk) specified without providing a local path, Git repository, or version to use. This will be considered an error in future versions
[INFO] [stderr]    Compiling autocfg v1.0.1
[INFO] [stderr]    Compiling log v0.4.11
[INFO] [stderr]    Compiling xml-rs v0.8.3
[INFO] [stderr]    Compiling proc-macro2 v1.0.21
[INFO] [stderr]     Checking scopeguard v1.1.0
[INFO] [stderr]    Compiling unicode-xid v0.2.1
[INFO] [stderr]    Compiling khronos_api v3.1.0
[INFO] [stderr]    Compiling byteorder v1.3.4
[INFO] [stderr]    Compiling cfg-if v0.1.10
[INFO] [stderr]    Compiling serde_derive v1.0.116
[INFO] [stderr]    Compiling serde v1.0.116
[INFO] [stderr]     Checking smallvec v1.4.2
[INFO] [stderr]    Compiling memchr v2.3.3
[INFO] [stderr]    Compiling getrandom v0.1.15
[INFO] [stderr]    Compiling pkg-config v0.3.18
[INFO] [stderr]     Checking bytemuck v1.4.1
[INFO] [stderr]     Checking downcast-rs v1.2.0
[INFO] [stderr]     Checking same-file v1.0.6
[INFO] [stderr]    Compiling cc v1.0.59
[INFO] [stderr]     Checking adler32 v1.2.0
[INFO] [stderr]    Compiling rayon-core v1.8.0
[INFO] [stderr]    Compiling version_check v0.9.2
[INFO] [stderr]     Checking ppv-lite86 v0.2.9
[INFO] [stderr]     Checking adler v0.2.3
[INFO] [stderr]     Checking regex-syntax v0.6.18
[INFO] [stderr]     Checking either v1.6.0
[INFO] [stderr]    Compiling ryu v1.0.5
[INFO] [stderr]     Checking mopa v0.2.2
[INFO] [stderr]     Checking shrev v1.1.1
[INFO] [stderr]     Checking itoa v0.4.6
[INFO] [stderr]     Checking tuple_utils v0.3.0
[INFO] [stderr]     Checking thread_local v1.0.1
[INFO] [stderr]     Checking lock_api v0.3.4
[INFO] [stderr]     Checking miniz_oxide v0.3.7
[INFO] [stderr]     Checking walkdir v2.3.1
[INFO] [stderr]     Checking libloading v0.6.3
[INFO] [stderr]     Checking wide v0.4.6
[INFO] [stderr]     Checking iovec v0.1.4
[INFO] [stderr]     Checking net2 v0.2.35
[INFO] [stderr]     Checking parking_lot_core v0.7.2
[INFO] [stderr]     Checking memmap v0.7.0
[INFO] [stderr]     Checking num_cpus v1.13.0
[INFO] [stderr]     Checking raw-window-handle v0.3.3
[INFO] [stderr]     Checking shared_library v0.1.9
[INFO] [stderr]     Checking nix v0.14.1
[INFO] [stderr]    Compiling num-traits v0.2.12
[INFO] [stderr]    Compiling crossbeam-utils v0.7.2
[INFO] [stderr]    Compiling memoffset v0.5.5
[INFO] [stderr]    Compiling crossbeam-epoch v0.8.2
[INFO] [stderr]    Compiling num-integer v0.1.43
[INFO] [stderr]    Compiling num-rational v0.3.0
[INFO] [stderr]    Compiling miniz_oxide v0.4.2
[INFO] [stderr]    Compiling num-iter v0.1.41
[INFO] [stderr]    Compiling rayon v1.4.0
[INFO] [stderr]    Compiling hashbrown v0.7.2
[INFO] [stderr]     Checking dlib v0.4.2
[INFO] [stderr]    Compiling nom v5.1.2
[INFO] [stderr]    Compiling wayland-scanner v0.23.6
[INFO] [stderr]     Checking parking_lot v0.10.2
[INFO] [stderr]     Checking aho-corasick v0.7.13
[INFO] [stderr]     Checking rand_core v0.5.1
[INFO] [stderr]     Checking mio v0.6.22
[INFO] [stderr]     Checking osmesa-sys v0.1.2
[INFO] [stderr]     Checking ultraviolet v0.4.6
[INFO] [stderr]    Compiling x11-dl v2.18.5
[INFO] [stderr]    Compiling quote v1.0.7
[INFO] [stderr]     Checking wayland-sys v0.23.6
[INFO] [stderr]     Checking parking_lot_core v0.6.2
[INFO] [stderr]    Compiling gl_generator v0.14.0
[INFO] [stderr]    Compiling gl_generator v0.13.1
[INFO] [stderr]     Checking rand_chacha v0.2.2
[INFO] [stderr]     Checking rand_xorshift v0.2.0
[INFO] [stderr]     Checking stb_truetype v0.3.1
[INFO] [stderr]     Checking deflate v0.8.6
[INFO] [stderr]     Checking jpeg-decoder v0.1.20
[INFO] [stderr]    Compiling syn v1.0.41
[INFO] [stderr]    Compiling libloading v0.5.2
[INFO] [stderr]     Checking parking_lot v0.9.0
[INFO] [stderr]     Checking rand v0.7.3
[INFO] [stderr]     Checking mio-extras v2.0.6
[INFO] [stderr]     Checking crossbeam-channel v0.4.4
[INFO] [stderr]     Checking crossbeam-queue v0.2.3
[INFO] [stderr]     Checking png v0.16.7
[INFO] [stderr]     Checking flate2 v1.0.17
[INFO] [stderr]     Checking regex v1.3.9
[INFO] [stderr]     Checking crossbeam-deque v0.7.3
[INFO] [stderr]     Checking ordered-float v1.1.0
[INFO] [stderr]     Checking approx v0.3.2
[INFO] [stderr]     Checking line_drawing v0.7.0
[INFO] [stderr]     Checking crossbeam v0.7.3
[INFO] [stderr]     Checking rusttype v0.8.3
[INFO] [stderr]    Compiling wayland-client v0.23.6
[INFO] [stderr]    Compiling wayland-protocols v0.23.6
[INFO] [stderr]    Compiling glow v0.4.0
[INFO] [stderr]    Compiling glutin_glx_sys v0.1.7
[INFO] [stderr]    Compiling glutin_egl_sys v0.1.5
[INFO] [stderr]     Checking rusttype v0.7.9
[INFO] [stderr]     Checking andrew v0.2.1
[INFO] [stderr]     Checking image v0.23.9
[INFO] [stderr]     Checking tynm v0.1.4
[INFO] [stderr]     Checking calloop v0.4.4
[INFO] [stderr]     Checking wayland-commons v0.23.6
[INFO] [stderr]     Checking hibitset v0.6.3
[INFO] [stderr]     Checking shred v0.10.2
[INFO] [stderr]    Compiling specs-derive v0.4.1
[INFO] [stderr]     Checking smithay-client-toolkit v0.6.6
[INFO] [stderr]     Checking winit v0.22.2
[INFO] [stderr]     Checking glutin v0.24.1
[INFO] [stderr]     Checking bracket-geometry v0.8.1
[INFO] [stderr]     Checking bracket-color v0.8.1
[INFO] [stderr]     Checking object-pool v0.4.4
[INFO] [stderr]     Checking bracket-random v0.8.0
[INFO] [stderr]     Checking serde_json v1.0.57
[INFO] [stderr]     Checking specs v0.16.1
[INFO] [stderr]     Checking bracket-noise v0.8.1
[INFO] [stderr]     Checking bracket-algorithm-traits v0.8.1
[INFO] [stderr]     Checking bracket-pathfinding v0.8.1
[INFO] [stderr]     Checking bracket-terminal v0.8.1
[INFO] [stderr]     Checking bracket-lib v0.8.1
[INFO] [stderr]     Checking rltk v0.8.1
[INFO] [stderr]     Checking roguelike_test v0.1.0 (/opt/rustwide/workdir)
[INFO] [stdout] error[E0053]: method `get_available_exits` has an incompatible type for trait
[INFO] [stdout]   --> src/map.rs:51:5
[INFO] [stdout]    |
[INFO] [stdout] 51 |     fn get_available_exits(&self, idx: usize) -> Vec<(usize, f32)> {
[INFO] [stdout]    |     ^^^^^^^^^^^^^^^^^^^^^^^^^^^^^^^^^^^^^^^^^^^^^^^^^^^^^^^^^^^^^^ expected struct `SmallVec`, found struct `Vec`
[INFO] [stdout]    |
[INFO] [stdout]    = note: expected fn pointer `fn(&map::Map, _) -> SmallVec<[(usize, f32); 10]>`
[INFO] [stdout]               found fn pointer `fn(&map::Map, _) -> Vec<(usize, f32)>`
[INFO] [stdout] 
[INFO] [stdout] 
[INFO] [stdout] error[E0599]: no method named `with_post_scanlines` found for enum `std::result::Result<Rltk, std::boxed::Box<dyn StdError + Send + Sync>>` in the current scope
[INFO] [stdout]    --> src/main.rs:355:13
[INFO] [stdout]     |
[INFO] [stdout] 355 |     context.with_post_scanlines(true);
[INFO] [stdout]     |             ^^^^^^^^^^^^^^^^^^^ method not found in `std::result::Result<Rltk, std::boxed::Box<dyn StdError + Send + Sync>>`
[INFO] [stdout] 
[INFO] [stdout] 
[INFO] [stdout] error[E0053]: method `get_available_exits` has an incompatible type for trait
[INFO] [stdout]   --> src/map.rs:51:5
[INFO] [stdout]    |
[INFO] [stdout] 51 |     fn get_available_exits(&self, idx: usize) -> Vec<(usize, f32)> {
[INFO] [stdout]    |     ^^^^^^^^^^^^^^^^^^^^^^^^^^^^^^^^^^^^^^^^^^^^^^^^^^^^^^^^^^^^^^ expected struct `SmallVec`, found struct `Vec`
[INFO] [stdout]    |
[INFO] [stdout]    = note: expected fn pointer `fn(&map::Map, _) -> SmallVec<[(usize, f32); 10]>`
[INFO] [stdout]               found fn pointer `fn(&map::Map, _) -> Vec<(usize, f32)>`
[INFO] [stdout] 
[INFO] [stdout] 
[INFO] [stdout] error[E0599]: no method named `with_post_scanlines` found for enum `std::result::Result<Rltk, std::boxed::Box<dyn StdError + Send + Sync>>` in the current scope
[INFO] [stdout]    --> src/main.rs:355:13
[INFO] [stdout]     |
[INFO] [stdout] 355 |     context.with_post_scanlines(true);
[INFO] [stdout]     |             ^^^^^^^^^^^^^^^^^^^ method not found in `std::result::Result<Rltk, std::boxed::Box<dyn StdError + Send + Sync>>`
[INFO] [stdout] 
[INFO] [stdout] 
[INFO] [stdout] error[E0308]: mismatched types
[INFO] [stdout]    --> src/main.rs:356:21
[INFO] [stdout]     |
[INFO] [stdout] 356 |     rltk::main_loop(context, gs);
[INFO] [stdout]     |                     ^^^^^^^ expected struct `Rltk`, found enum `std::result::Result`
[INFO] [stdout]     |
[INFO] [stdout]     = note: expected struct `Rltk`
[INFO] [stdout]                  found enum `std::result::Result<Rltk, std::boxed::Box<dyn StdError + Send + Sync>>`
[INFO] [stdout] 
[INFO] [stdout] 
[INFO] [stdout] error[E0308]: mismatched types
[INFO] [stdout]    --> src/main.rs:356:21
[INFO] [stdout]     |
[INFO] [stdout] 356 |     rltk::main_loop(context, gs);
[INFO] [stdout]     |                     ^^^^^^^ expected struct `Rltk`, found enum `std::result::Result`
[INFO] [stdout]     |
[INFO] [stdout]     = note: expected struct `Rltk`
[INFO] [stdout]                  found enum `std::result::Result<Rltk, std::boxed::Box<dyn StdError + Send + Sync>>`
[INFO] [stdout] 
[INFO] [stdout] 
[INFO] [stdout] error[E0308]: mismatched types
[INFO] [stdout]   --> src/spawner.rs:22:20
[INFO] [stdout]    |
[INFO] [stdout] 22 |             glyph: rltk::to_cp437('@'),
[INFO] [stdout]    |                    ^^^^^^^^^^^^^^^^^^^ expected `u8`, found `u16`
[INFO] [stdout] 
[INFO] [stdout] 
[INFO] [stdout] error[E0308]: mismatched types
[INFO] [stdout]    --> src/spawner.rs:132:23
[INFO] [stdout]     |
[INFO] [stdout] 132 |     monster(ecs, pos, rltk::to_cp437('o'), "Orc");
[INFO] [stdout]     |                       ^^^^^^^^^^^^^^^^^^^ expected `u8`, found `u16`
[INFO] [stdout]     |
[INFO] [stdout] help: you can convert an `u16` to `u8` and panic if the converted value wouldn't fit
[INFO] [stdout]     |
[INFO] [stdout] 132 |     monster(ecs, pos, rltk::to_cp437('o').try_into().unwrap(), "Orc");
[INFO] [stdout]     |                       ^^^^^^^^^^^^^^^^^^^^^^^^^^^^^^^^^^^^^^^
[INFO] [stdout] 
[INFO] [stdout] 
[INFO] [stdout] error[E0308]: mismatched types
[INFO] [stdout]    --> src/spawner.rs:135:23
[INFO] [stdout]     |
[INFO] [stdout] 135 |     monster(ecs, pos, rltk::to_cp437('g'), "Goblin");
[INFO] [stdout]     |                       ^^^^^^^^^^^^^^^^^^^ expected `u8`, found `u16`
[INFO] [stdout]     |
[INFO] [stdout] help: you can convert an `u16` to `u8` and panic if the converted value wouldn't fit
[INFO] [stdout]     |
[INFO] [stdout] 135 |     monster(ecs, pos, rltk::to_cp437('g').try_into().unwrap(), "Goblin");
[INFO] [stdout]     |                       ^^^^^^^^^^^^^^^^^^^^^^^^^^^^^^^^^^^^^^^
[INFO] [stdout] 
[INFO] [stdout] 
[INFO] [stdout] error[E0308]: mismatched types
[INFO] [stdout]   --> src/spawner.rs:22:20
[INFO] [stdout]    |
[INFO] [stdout] 22 |             glyph: rltk::to_cp437('@'),
[INFO] [stdout]    |                    ^^^^^^^^^^^^^^^^^^^ expected `u8`, found `u16`
[INFO] [stdout] 
[INFO] [stdout] 
[INFO] [stdout] error[E0308]: mismatched types
[INFO] [stdout]    --> src/spawner.rs:132:23
[INFO] [stdout]     |
[INFO] [stdout] 132 |     monster(ecs, pos, rltk::to_cp437('o'), "Orc");
[INFO] [stdout]     |                       ^^^^^^^^^^^^^^^^^^^ expected `u8`, found `u16`
[INFO] [stdout]     |
[INFO] [stdout] help: you can convert an `u16` to `u8` and panic if the converted value wouldn't fit
[INFO] [stdout]     |
[INFO] [stdout] 132 |     monster(ecs, pos, rltk::to_cp437('o').try_into().unwrap(), "Orc");
[INFO] [stdout]     |                       ^^^^^^^^^^^^^^^^^^^^^^^^^^^^^^^^^^^^^^^
[INFO] [stdout] 
[INFO] [stdout] 
[INFO] [stdout] error[E0308]: mismatched types
[INFO] [stdout]    --> src/spawner.rs:135:23
[INFO] [stdout]     |
[INFO] [stdout] 135 |     monster(ecs, pos, rltk::to_cp437('g'), "Goblin");
[INFO] [stdout]     |                       ^^^^^^^^^^^^^^^^^^^ expected `u8`, found `u16`
[INFO] [stdout]     |
[INFO] [stdout] help: you can convert an `u16` to `u8` and panic if the converted value wouldn't fit
[INFO] [stdout]     |
[INFO] [stdout] 135 |     monster(ecs, pos, rltk::to_cp437('g').try_into().unwrap(), "Goblin");
[INFO] [stdout]     |                       ^^^^^^^^^^^^^^^^^^^^^^^^^^^^^^^^^^^^^^^
[INFO] [stdout] 
[INFO] [stdout] 
[INFO] [stdout] error[E0308]: mismatched types
[INFO] [stdout]    --> src/spawner.rs:186:20
[INFO] [stdout]     |
[INFO] [stdout] 186 |             glyph: rltk::to_cp437('¡'),
[INFO] [stdout]     |                    ^^^^^^^^^^^^^^^^^^^ expected `u8`, found `u16`
[INFO] [stdout] 
[INFO] [stdout] 
[INFO] [stdout] error[E0308]: mismatched types
[INFO] [stdout]    --> src/spawner.rs:186:20
[INFO] [stdout]     |
[INFO] [stdout] 186 |             glyph: rltk::to_cp437('¡'),
[INFO] [stdout]     |                    ^^^^^^^^^^^^^^^^^^^ expected `u8`, found `u16`
[INFO] [stdout] 
[INFO] [stdout] 
[INFO] [stdout] error[E0308]: mismatched types
[INFO] [stdout]    --> src/spawner.rs:205:20
[INFO] [stdout]     |
[INFO] [stdout] 205 |             glyph: rltk::to_cp437('S'),
[INFO] [stdout]     |                    ^^^^^^^^^^^^^^^^^^^ expected `u8`, found `u16`
[INFO] [stdout] 
[INFO] [stdout] 
[INFO] [stdout] error[E0308]: mismatched types
[INFO] [stdout]    --> src/spawner.rs:205:20
[INFO] [stdout]     |
[INFO] [stdout] 205 |             glyph: rltk::to_cp437('S'),
[INFO] [stdout]     |                    ^^^^^^^^^^^^^^^^^^^ expected `u8`, found `u16`
[INFO] [stdout] 
[INFO] [stdout] 
[INFO] [stdout] error[E0308]: mismatched types
[INFO] [stdout]    --> src/spawner.rs:225:20
[INFO] [stdout]     |
[INFO] [stdout] 225 |             glyph: rltk::to_cp437('S'),
[INFO] [stdout]     |                    ^^^^^^^^^^^^^^^^^^^ expected `u8`, found `u16`
[INFO] [stdout] 
[INFO] [stdout] 
[INFO] [stdout] error[E0308]: mismatched types
[INFO] [stdout]    --> src/spawner.rs:225:20
[INFO] [stdout]     |
[INFO] [stdout] 225 |             glyph: rltk::to_cp437('S'),
[INFO] [stdout]     |                    ^^^^^^^^^^^^^^^^^^^ expected `u8`, found `u16`
[INFO] [stdout] 
[INFO] [stdout] 
[INFO] [stdout] error[E0308]: mismatched types
[INFO] [stdout]    --> src/spawner.rs:246:20
[INFO] [stdout]     |
[INFO] [stdout] 246 |             glyph: rltk::to_cp437('S'),
[INFO] [stdout]     |                    ^^^^^^^^^^^^^^^^^^^ expected `u8`, found `u16`
[INFO] [stdout] 
[INFO] [stdout] 
[INFO] [stdout] warning: unused import: `Console`
[INFO] [stdout]  --> src/main.rs:1:12
[INFO] [stdout]   |
[INFO] [stdout] 1 | use rltk::{Console, GameState, Point, Rltk};
[INFO] [stdout]   |            ^^^^^^^
[INFO] [stdout]   |
[INFO] [stdout]   = note: `#[warn(unused_imports)]` on by default
[INFO] [stdout] 
[INFO] [stdout] 
[INFO] [stdout] warning: unused import: `Console`
[INFO] [stdout]  --> src/map.rs:3:34
[INFO] [stdout]   |
[INFO] [stdout] 3 | use rltk::{Algorithm2D, BaseMap, Console, Point, RandomNumberGenerator, Rltk, RGB};
[INFO] [stdout]   |                                  ^^^^^^^
[INFO] [stdout] 
[INFO] [stdout] 
[INFO] [stdout] warning: unused import: `Console`
[INFO] [stdout]  --> src/gui.rs:4:12
[INFO] [stdout]   |
[INFO] [stdout] 4 | use rltk::{Console, Point, Rltk, VirtualKeyCode, RGB};
[INFO] [stdout]   |            ^^^^^^^
[INFO] [stdout] 
[INFO] [stdout] 
[INFO] [stdout] error: aborting due to 10 previous errors; 3 warnings emitted
[INFO] [stdout] 
[INFO] [stdout] 
[INFO] [stdout] Some errors have detailed explanations: E0053, E0308, E0599.
[INFO] [stdout] 
[INFO] [stdout] For more information about an error, try `rustc --explain E0053`.
[INFO] [stdout] 
[INFO] [stderr] error: could not compile `roguelike_test`.
[INFO] [stderr] 
[INFO] [stderr] To learn more, run the command again with --verbose.
[INFO] [stderr] warning: build failed, waiting for other jobs to finish...
[INFO] [stdout] error[E0308]: mismatched types
[INFO] [stdout]    --> src/spawner.rs:246:20
[INFO] [stdout]     |
[INFO] [stdout] 246 |             glyph: rltk::to_cp437('S'),
[INFO] [stdout]     |                    ^^^^^^^^^^^^^^^^^^^ expected `u8`, found `u16`
[INFO] [stdout] 
[INFO] [stdout] 
[INFO] [stdout] warning: unused import: `Console`
[INFO] [stdout]  --> src/main.rs:1:12
[INFO] [stdout]   |
[INFO] [stdout] 1 | use rltk::{Console, GameState, Point, Rltk};
[INFO] [stdout]   |            ^^^^^^^
[INFO] [stdout]   |
[INFO] [stdout]   = note: `#[warn(unused_imports)]` on by default
[INFO] [stdout] 
[INFO] [stdout] 
[INFO] [stdout] warning: unused import: `Console`
[INFO] [stdout]  --> src/map.rs:3:34
[INFO] [stdout]   |
[INFO] [stdout] 3 | use rltk::{Algorithm2D, BaseMap, Console, Point, RandomNumberGenerator, Rltk, RGB};
[INFO] [stdout]   |                                  ^^^^^^^
[INFO] [stdout] 
[INFO] [stdout] 
[INFO] [stdout] warning: unused import: `Console`
[INFO] [stdout]  --> src/gui.rs:4:12
[INFO] [stdout]   |
[INFO] [stdout] 4 | use rltk::{Console, Point, Rltk, VirtualKeyCode, RGB};
[INFO] [stdout]   |            ^^^^^^^
[INFO] [stdout] 
[INFO] [stdout] 
[INFO] [stdout] error: aborting due to 10 previous errors; 3 warnings emitted
[INFO] [stdout] 
[INFO] [stdout] 
[INFO] [stdout] Some errors have detailed explanations: E0053, E0308, E0599.
[INFO] [stdout] 
[INFO] [stdout] For more information about an error, try `rustc --explain E0053`.
[INFO] [stdout] 
[INFO] [stderr] error: build failed
[INFO] running `Command { std: "docker" "inspect" "dd1c23f0d1ccf4d72af24e1bd3a4c2d14e86949c9eb9975d55e3c58c38d2ced5", kill_on_drop: false }`
[INFO] running `Command { std: "docker" "rm" "-f" "dd1c23f0d1ccf4d72af24e1bd3a4c2d14e86949c9eb9975d55e3c58c38d2ced5", kill_on_drop: false }`
[INFO] [stdout] dd1c23f0d1ccf4d72af24e1bd3a4c2d14e86949c9eb9975d55e3c58c38d2ced5
